number?
True
Is 120460925513 a composite number?
False
Is 160152977 prime?
False
Is 4325164627 a prime number?
False
Is 2672001271 composite?
True
Is 10977185917 a composite number?
False
Is 160090006733 composite?
False
Is 116501525213 composite?
False
Is 29634135967 prime?
True
Is 3487630577 composite?
True
Is 14697900677 composite?
True
Is 478577713 prime?
False
Is 26843078287 a composite number?
False
Is 312937441 a prime number?
True
Is 697555319 composite?
False
Is 706790869 a composite number?
False
Is 12603189517 composite?
False
Is 51210881 a composite number?
True
Is 926791982 prime?
False
Is 117912899 composite?
True
Is 13579531733 a prime number?
True
Is 1302546295 prime?
False
Is 27731972111 a prime number?
True
Is 2082206099 a composite number?
True
Is 17378187427 a composite number?
True
Is 31303674443 prime?
True
Is 257766097 a prime number?
True
Is 284399407 composite?
False
Is 39688020851 composite?
False
Is 38169454487 a composite number?
False
Is 7242463027 a prime number?
True
Is 2946714149 a composite number?
True
Is 995396603 a composite number?
True
Is 10549404049 a composite number?
True
Is 7220642153 prime?
True
Is 301698431 composite?
True
Is 240211360307 a prime number?
False
Is 14052978749 a prime number?
True
Is 51222485467 a composite number?
False
Is 22140751481 prime?
False
Is 710257441 a composite number?
False
Is 1543025653 a prime number?
False
Is 1277559683 prime?
False
Is 21157862413 composite?
False
Is 85631915359 prime?
False
Is 6118488821 prime?
True
Is 615230683 a prime number?
False
Is 520449337 a prime number?
True
Is 25781839315 composite?
True
Is 8944730887 a prime number?
True
Is 90487580587 a composite number?
True
Is 19299196645 prime?
False
Is 11490198233 prime?
False
Is 1107649457 prime?
True
Is 464261603 a prime number?
False
Is 24897113267 prime?
False
Is 618166621 composite?
False
Is 4110359707 composite?
True
Is 13879438063 prime?
False
Is 2347565267 a prime number?
True
Is 2701996361 prime?
False
Is 1972554747 composite?
True
Is 19808199869 prime?
True
Is 2775662777 a prime number?
False
Is 296588177 prime?
True
Is 971707487 a prime number?
True
Is 644913539 a composite number?
True
Is 7828974563 a composite number?
True
Is 4737003833 a composite number?
True
Is 4446612953 a composite number?
False
Is 1080660502 prime?
False
Is 3553956761 composite?
False
Is 3321363757 prime?
True
Is 16637773081 a composite number?
False
Is 786933877 composite?
True
Is 5945438657 a prime number?
False
Is 165447072139 a prime number?
True
Is 14598296617 composite?
True
Is 883301213 prime?
False
Is 4425762667 a composite number?
False
Is 851816621 a composite number?
True
Is 2056309657 composite?
False
Is 13582555765 composite?
True
Is 48819472663 a composite number?
True
Is 3194722067 composite?
True
Is 49627893451 a composite number?
True
Is 7458372793 a prime number?
True
Is 2396546431 composite?
True
Is 5418115511 prime?
True
Is 7859170831 a prime number?
False
Is 15231478771 composite?
False
Is 7010010197 prime?
False
Is 37262582473 composite?
True
Is 1775528831 prime?
False
Is 536424013 a prime number?
True
Is 173456215637 prime?
True
Is 1320663621 prime?
False
Is 4547713063 prime?
True
Is 13010055227 composite?
True
Is 28064088511 a prime number?
True
Is 3900175823 composite?
False
Is 4535092867 prime?
False
Is 57018757297 composite?
False
Is 1333786469 prime?
True
Is 26361002909 composite?
False
Is 1033424863 composite?
True
Is 50563738903 a prime number?
False
Is 1737532313 prime?
False
Is 18193519349 prime?
False
Is 96779052131 a composite number?
True
Is 4695847939 a composite number?
True
Is 7865656787 a composite number?
False
Is 1534202687 composite?
False
Is 71246202031 a composite number?
False
Is 177005263 a composite number?
True
Is 224177511031 a composite number?
False
Is 1141928449 prime?
False
Is 4150367261 a composite number?
False
Is 43642583687 prime?
False
Is 45810098357 a prime number?
False
Is 35855927 prime?
True
Is 7820105197 composite?
False
Is 27440071 a composite number?
True
Is 926367809 a composite number?
True
Is 6530454391 a prime number?
True
Is 27355088933 a prime number?
True
Is 20623865839 composite?
False
Is 47331876197 prime?
False
Is 94547329 prime?
False
Is 346270247 composite?
False
Is 340997159 composite?
True
Is 109030901989 composite?
False
Is 67615021979 prime?
True
Is 658678987 a prime number?
False
Is 425208503 composite?
False
Is 441133831 prime?
True
Is 2675925127 a prime number?
False
Is 318583253 prime?
True
Is 35585525333 composite?
False
Is 1110221579 composite?
False
Is 7598805353 a composite number?
True
Is 14213113715 composite?
True
Is 20953148563 composite?
False
Is 13154864407 prime?
False
Is 1417216189 prime?
True
Is 1494009833 a composite number?
False
Is 13403371 composite?
False
Is 231936791 prime?
False
Is 11002689463 a prime number?
False
Is 1504230977 composite?
True
Is 1056202211 a composite number?
True
Is 1521909322 a prime number?
False
Is 71144808607 a composite number?
True
Is 15118473193 prime?
False
Is 112534558547 a composite number?
False
Is 142623481331 a prime number?
False
Is 10365503695 a prime number?
False
Is 35509811587 a prime number?
True
Is 11561843797 composite?
True
Is 77585411183 composite?
True
Is 758290619 a composite number?
False
Is 19736030429 a composite number?
False
Is 319604695715 a prime number?
False
Is 21601809131 prime?
False
Is 1251317971 a composite number?
True
Is 367050869 a composite number?
False
Is 13398315019 a composite number?
True
Is 2896181677 prime?
True
Is 2036221127 a prime number?
False
Is 22477590418 prime?
False
Is 11360590013 prime?
True
Is 1054307147 a composite number?
True
Is 27548198053 a prime number?
False
Is 411421319 prime?
True
Is 2461971323 a composite number?
True
Is 1823858221 a prime number?
False
Is 11840169611 composite?
False
Is 119217546067 composite?
False
Is 2501900551 a prime number?
True
Is 325042637 a prime number?
False
Is 41379238347 composite?
True
Is 26760218371 a composite number?
False
Is 62239816043 a prime number?
True
Is 36939296969 a prime number?
False
Is 278136811 a prime number?
True
Is 33971680291 a prime number?
False
Is 45947282705 a prime number?
False
Is 3720011671 prime?
True
Is 459874897 composite?
False
Is 408554957 prime?
False
Is 277754539 a prime number?
True
Is 9338504849 a composite number?
True
Is 16346355533 prime?
False
Is 352195357 prime?
True
Is 412590889 composite?
False
Is 2434219649 composite?
False
Is 844778329 composite?
True
Is 21037382549 prime?
False
Is 782518469 composite?
False
Is 453670001 a prime number?
False
Is 8537984711 composite?
True
Is 8192064911 composite?
True
Is 5935177663 prime?
False
Is 302002149 a composite number?
True
Is 7522033619 composite?
True
Is 2895999709 prime?
True
Is 34868662247 prime?
True
Is 345310781 composite?
False
Is 638416231 a composite number?
True
Is 56433574941 prime?
False
Is 1121863943 a prime number?
False
Is 4523284879 prime?
False
Is 667869307 composite?
True
Is 224949521 a prime number?
False
Is 41252083 prime?
True
Is 6859046146 a composite number?
True
Is 3092643797 a composite number?
False
Is 6483479194 a prime number?
False
Is 10613506613 composite?
False
Is 714643337 composite?
False
Is 1823352623 a prime number?
False
Is 129460861 composite?
False
Is 4926170105 a composite number?
True
Is 243903649907 a prime number?
True
Is 205037551093 a composite number?
False
Is 203249489 a composite number?
True
Is 187577242689 prime?
False
Is 429503136251 a composite number?
True
Is 534802907 composite?
True
Is 2705591233 a prime number?
True
Is 82854147227 composite?
False
Is 384580187 composite?
True
Is 244155227 prime?
True
Is 7476958301 prime?
True
Is 2060305981 a composite number?
True
Is 53336275009 prime?
False
Is 1939251731 a composite number?
False
Is 373064123 a composite number?
False
Is 193998638083 a composite number?
False
Is 25624378147 a composite number?
True
Is 142484182 composite?
True
Is 4852588333 a composite number?
True
Is 13929889 composite?
True
Is 1106661323 prime?
False
Is 804491231 composite?
False
Is 6142847465 prime?
False
Is 20626925131 composite?
True
Is 889928615 composite?
True
Is 149911871 a prime number?
False
Is 14775498103 prime?
False
Is 86